Determine o(1).
13
Suppose 0 = -5*z + 16 - 6. Let u = z + 1. Let m(d) = 0*d**2 - 2*d - 1 + 3*d - u*d**2 + d**3. Give m(3).
2
Let w(a) = -3*a**2 + 2*a + 1. Suppose 6*g + 4*q = 2*g, 4*q - 6 = 2*g. Calculate w(g).
-4
Let p(d) = -3*d - 1. Let s be p(-1). Suppose 1 = -g + s. Let x(r) = 7*r**3 - r**2 + r - 1. What is x(g)?
6
Suppose 4*w = q + q + 16, 3*w + 2*q - 5 = 0. Let i(m) = m**3 - 4*m**2 + 5*m - 3. Determine i(w).
3
Let z(h) = -9*h**2 + 32*h**2 + h**3 - 2 - 18*h**2 - 2*h. What is z(-5)?
8
Let j(d) = 0*d - 2*d + d**2 + 7*d + 6. Let z = 3 - 1. Suppose -5*f - z = 18. What is j(f)?
2
Let g(w) = 7*w**3 + 6*w**2 + 4*w - 5. Let k(t) = -15*t**3 - 13*t**2 - 9*t + 11. Let u(z) = -9*g(z) - 4*k(z). Give u(-1).
2
Let v(h) = h**3 + 6*h**2 - 8*h - 8. Suppose -3*k + 5*z = 6, -3*k - 2*k - 44 = 3*z. Calculate v(k).
-1
Suppose 3*g + 2*g = -5. Let b = -3 - g. Let l(y) = 2*y**3 + y**2 - 3*y - 2. Calculate l(b).
-8
Let p(x) = -11*x - 6*x + 4 + 16*x. Let b be p(4). Let m(y) = -y**3 - y**2 - y - 1. Calculate m(b).
-1
Let m(j) = 20*j - 20. Suppose 0 = 2*z + 2*f + 20, 3*z + 0*z + 38 = 5*f. Let r(d) = 7*d - 7. Let y(h) = z*r(h) + 4*m(h). What is y(2)?
3
Let a(t) = -t**2 - 4*t - 3. Let j be (-4)/(-10)*80/2. Let i = 16 + -10. Suppose -i*x + 2*x - j = 0. Calculate a(x).
-3
Let u(n) = -n + 8. Let c be u(5). Let h be 4 + -6 + 1 + c. Let s(g) = 5 - 3 - 1 - 4*g. Give s(h).
-7
Suppose -8 = -v - 11. Let i(j) be the third derivative of -j**6/120 - j**5/30 + j**4/12 - 2*j**2. Calculate i(v).
3
Let a(r) = 2*r + 9. Let c be a(-7). Let x(k) = 5*k + k - 1 + 3 - 4*k**2 - k**3. Give x(c).
-3
Let s(u) = u**3 + 3*u**2 - 8*u - 3. Let r(j) = -2*j**3 - 6*j**2 + 15*j + 5. Let b(d) = 3*r(d) + 5*s(d). What is b(-4)?
-4
Let v(p) be the first derivative of -2*p**2 - 4*p + 5. Suppose -2*o - 4 - 4 = 0. Determine v(o).
12
Let n(m) = m**3 - 10*m**2 + 9*m - 2. Let w be n(9). Let z = -3 - w. Let j(k) be the third derivative of -k**4/12 + k**3/6 + 4*k**2. Determine j(z).
3
Let g(w) = 4*w**2 + 2*w - 3. Let a(m) = 3*m**2 + m - 2. Let c(d) = 5*a(d) - 4*g(d). What is c(2)?
-8
Suppose 4*t - 3*q - 2*q + 20 = 0, 0 = 4*q. Let m(x) = x**3 + 5*x**2 - x - 3. Let j be m(t). Let a(u) = -u - j + 0 + 3. Give a(-3).
4
Let a(h) be the first derivative of -h**3/3 - h**2 - 3*h - 9. Let i = 1 + -4. What is a(i)?
-6
Let i(a) = a**3 + 2*a**2 - 2*a + 3. Let o = 15 + 12. Let f be (-6)/15 + o/5. Let n be (-3 + f)*(-3)/2. Give i(n).
0
Let g(b) be the third derivative of 0 + 2/3*b**3 + 0*b**4 + b**2 + 0*b + 1/60*b**5. Suppose -w = 4*u + 4, 25 = 2*w - u + 24. Determine g(w).
4
Suppose 19*f + 15 = 22*f. Let a(h) = -h. Give a(f).
-5
Let n(v) = 5 - 6 + 7 - 6*v. What is n(5)?
-24
Let g(l) = l**3 - 20*l**2 + 35*l + 15. Let a be g(18). Let d(k) = -3*k - 4*k**2 - k**3 + k + 0*k**3. Determine d(a).
-3
Let c(m) = m**2 + m + 7. Let z(d) = -d**3 + 6*d**2 - 5*d - 5. Let b = 3 - -2. Let g be z(b). Let t be 2/4*(g + 5). Determine c(t).
7
Let n(a) = -5*a. Let t(p) = -5*p - p - 3*p. Let m(y) = -11*n(y) + 6*t(y). Calculate m(-5).
-5
Suppose 3*l + 3*j - 12 = 0, 4*l + 14 = 8*l + 2*j. Let p(f) be the first derivative of 4 + 5/2*f**2 - 2/3*f**l - 3*f - 1/4*f**4. What is p(-4)?
9
Let y(r) be the third derivative of 0*r + 0*r**4 + 0*r**3 + 0 - r**2 + 1/10*r**5. Suppose 3 = 4*g - 1. Give y(g).
6
Suppose -4*x + 3*h = -9 - 11, 3*x + 3*h = -6. Let w(s) = -2 + 1 - s**3 + 1 - 3 + 5*s**x - 2*s. What is w(4)?
5
Suppose 140 = -0*r + 4*r. Suppose 0 = -2*c + 2, 5*p - r = 2*c - 7. Let k = 4 - p. Let f(d) = 3*d**2 + 2*d - 1. Calculate f(k).
7
Let f(c) be the third derivative of 1/12*c**4 + 0 + c**2 + 1/6*c**3 + 0*c - 1/30*c**5. Give f(-1).
-3
Let a(c) = -4*c - c - 4 + 11*c - 7*c. Calculate a(6).
-10
Let m(c) = -11*c**3 + 8*c**2 + 3*c - 14. Let a(y) = 13*y**2 + 4*y**3 + 5 - y - 12*y**2 - 4*y**2. Let h(q) = 8*a(q) + 3*m(q). What is h(0)?
-2
Let x(p) = -3*p**2 + 13*p - 3. Let s(m) = -2*m**2 + 9*m - 2. Let h(c) = 8*s(c) - 5*x(c). Determine h(6).
5
Suppose 5*f = -2*y - 8, 2*y - 2 = -y - 4*f. Suppose -5*w + i - 3*i + 14 = 0, -3*w - 2*i = -10. Let a(m) = -m**2 + m**3 - m**w - 2*m**2 + y - 3*m. What is a(4)?
-6
Let m be 2/1 - 15/3. Let r be 2/m - 15/(-9). Let l(h) be the first derivative of -5*h**4/4 + h**3/3 - h**2/2 + h - 11. What is l(r)?
-4
Let z(q) be the third derivative of -1/60*q**5 + 0*q**3 + 8*q**2 + 0*q**4 + 0 + 0*q. Let i = 2 - 3. Give z(i).
-1
Let z be 3*((-16)/12 + 3). Let v(r) = 7*r**2 + 6*r - 11. Let q(i) = -4*i**2 - 3*i + 6. Let c(u) = z*q(u) + 3*v(u). Give c(-5).
7
Suppose -22 = -x - 18. Let z(f) = f**3 - 3*f**2 - 3*f - 4. Determine z(x).
0
Let b be (-3)/(-3)*0/(-4). Let c(t) be the third derivative of -1/120*t**6 + 0*t - t**2 + b - 1/8*t**4 - 1/2*t**3 - 1/15*t**5. Determine c(-3).
-3
Let l(n) = n**3 - 6*n**2 + n + 1. Let p(b) = 5*b**3 + 1. Let u be p(1). What is l(u)?
7
Let y(n) be the second derivative of n**5/20 - 5*n**4/12 - n**3/6 + 3*n**2 + 13*n. Give y(5).
1
Let n(y) = -y**2 + 2*y + 1. Let b = 9 - 5. Calculate n(b).
-7
Let q(f) = 26*f**2 + 0*f - f - f**3 - 33*f**2 - 10 + 0*f**3. Give q(-7).
-3
Suppose j - r = -2, -5*j + r = 2*r - 8. Let a(n) = 29*n - 52*n + 1 + 27*n. Calculate a(j).
5
Suppose 3 = -2*p - 2*x - 7, 5*x + 1 = 3*p. Let a be p/(-2) - 1/(-2). Let q(i) = 3*i - 3*i**2 + 0*i**2 + 1 - 1. Give q(a).
-6
Let q(d) be the first derivative of 5*d**2/2 + 4*d + 4. Let p(t) = -1. Let h(z) = 3*p(z) + q(z). What is h(-1)?
-4
Let v(c) be the third derivative of c**6/120 + c**5/60 + c**4/24 - c**3/6 - 11*c**2. Let g be (3/(-4))/(1/4). Let p = -3 - g. Determine v(p).
-1
Let u(b) = -b**3 + b**2. Let p(d) = -3*d + 2*d**2 - 3*d**2 + 9 + 4*d - 8. Let w be p(2). Calculate u(w).
2
Suppose i + 12 = 3*i. Let y(n) = -n**3 + 7*n**2 - 6*n - 3. Determine y(i).
-3
Let l be (-26)/(-5) + (-7)/35. Suppose 4*u = -l*m + 23, 1 = 5*u - 9. Let v(o) = 0*o - o**2 + 5*o**2 - 4*o + 2*o - o**3 - m. Give v(3).
0
Let c(v) = 2*v + 3. Suppose 2*p + 3*y + y = 18, -5*p - 5*y + 30 = 0. Suppose 2*f - 10 = 2*u, -p*u - 3 - 16 = -4*f. What is c(f)?
11
Let u(w) be the third derivative of w**5/10 - 35*w**4/24 - 11*w**3/6 + 6*w**2. Let s(r) = r**2 - 7*r - 2. Let t(i) = 11*s(i) - 2*u(i). Determine t(-7).
0
Let f be -4*(2 - (-15)/(-6)). Suppose -2*n = -f*t - 2, 5*n + 21 = -t + n. Let s(u) = -u + 4. Determine s(t).
9
Let g(j) be the second derivative of 1/20*j**5 + 4*j**2 + 0 - 1/3*j**3 - 3*j - 7/12*j**4. Calculate g(7).
-6
Let i(v) = -519*v**3 + 518*v**3 - 8 + 4*v + 6*v**2 + 5*v. Give i(7).
6
Let o be -4 - 0*(-4 - -5). Let j(h) = -h + 2. Let y be 2/2*2 + -6. Let n(w) = 1. Let v(d) = y*n(d) + j(d). Determine v(o).
2
Let a(v) = -v**3 - 5*v**2 - 6*v - 2. Let n(m) = -m**2 - 5*m - 2. Let x be n(-3). Suppose -2*u = -3*u - x. Give a(u).
6
Suppose -2*i + 3*z + 0 = -6, 0 = 2*i + 2*z - 6. Let o = i - 3. Let t(m) be the third derivative of -m**5/60 + m**4/24 + 5*m**3/3 + 5*m**2. What is t(o)?
10
Let j(s) = -6*s**2 - 14*s. Let u(t) be the second derivative of t**4/12 + t**3/2 - 2*t. Let n(v) = -2*j(v) - 11*u(v). Determine n(4).
-4
Suppose 0 = -7*c + 4*c + 18. Suppose -c*i + 3*i + 9 = 0, -p + 3*i - 6 = 0. Let x(w) = -w + 2. Calculate x(p).
-1
Let n(w) = 6*w + 1. Let c(y) = -y**2 + 3. Suppose 0 = 3*v - v - 4. Let m be c(v). Determine n(m).
-5
Let w(s) = -s**2 + 3*s + 8. Let j be w(5). Let y be (-1)/3 + 21/9. Let u(l) = y + 0 - 1 + l. Give u(j).
-1
Let g = 0 + 4. Let q(f) be the third derivative of -f**6/120 + f**5/15 - f**4/24 - 2*f**3/3 + 2*f**2. What is q(g)?
-8
Let t(k) be the first derivative of k**5/20 + k**4/4 + k**3/3 + k**2/2 - 3*k - 2. Let n(i) be the first derivative of t(i). What is n(-3)?
-5
Let m(s) = 6*s + 1. Let h be m(1). Let f(j) = -h + 2 + j**2 + 5*j**2 - j**3. Suppose -y + 22 = 3*t, -t - 6*y + 3*y + 18 = 0. Give f(t).
-5
Let v = -9 - -13. Let o(x) = 2*x - 5. What is o(v)?
3
Suppose -2*r + 5*i - 8 = 0, r - 3*i = -4*i + 3. Let h(d) = -14*d**2 - 1. Determine h(r).
-15
Let v = -11 - -16. Let k(r) = -r**3 + 5*r**2 + 5. Give k(v).
5
Let z be -1*(-2 - 3)*1. Let j(o) = o**2 - 6*o - 3. Calculate j(z).
-8
Let u(j) = j + 15. Let o be u(-12). Let b(a) = -4*a + 2. Let f(d) = d + 1. Let l(n) = o*f(n) + b(n). What is l(-5)?
10
Let q be ((-2)/4)/(5/60). Let j be (-16)/q + (-4)/(-3). Let c(u) = 3*u - 1. Determine c(j).
11
Let n(f) = f**2 - 7*f + 7. Suppose 2*h - 2*o - 16 = -3*o, h - 3*o - 1 = 0. Let c be 